)?
-11
What is the value of ((19 - 7) + 4 - 1) + -11?
4
What is (0 + -8 - (-124 + 123)) + -3?
-10
17 - (32 - (-15 - -27))
-3
What is the value of 137 + -123 - (-5 - (4 + 1))?
24
Calculate -2 - (24 + -33 + 34).
-27
Evaluate 6 - (0 - (6 - -21)) - (28 - 21).
26
Evaluate (-1 - 15) + 16 + (-12 - 5 - 8).
-25
-49 + 0 + 39 + (7 - 1)
-4
Evaluate 2 + 0 - (5 - (19 + -31 - -11)).
-4
-1 + 16 + (24 - 40) - 16
-17
1 + -2 + -7 - -18
10
Calculate 3 + (3 + -3 - 1) - (-270 - -242).
30
What is 2 - (-2 - (1 - (-9 - -7)))?
7
Calculate -5 + 3 - 3 - ((2 - 7) + -1).
1
What is the value of 8 - (5 + 5 + (9 + -27 - -8))?
8
-3 + -4 + -10 - (-12 - -5)
-10
What is the value of -13 - (-18 + 6 + 3)?
-4
What is the value of 8 + (10 - 18) + -17 + -2?
-19
-14 - -31 - -21 - 26
12
Evaluate -2 + -8 + (87 - 99) - (0 - -9).
-31
(4 - 14) + 1 - -22
13
19 - (-5 + -28 - -42)
10
Calculate 11 - 7 - 8 - (1 + 3).
-8
Evaluate 9 + (18 - 27) + 14 + 1 + -6.
9
Evaluate 12 - 8 - -3 - (5 + -3 + 3).
2
What is 9 + (-6 - 16) - 19 - (4 + -7)?
-29
What is the value of -2 + (-8 - -4) + 7 + -6?
-5
What is (29 - (-44 + 84)) + 28?
17
What is (-10 - 2) + (27 - 19)?
-4
What is the value of 36 + (-23 - -11) + -51?
-27
Calculate -7 + (-2 - -34) + (3 - 4).
24
Calculate (16 - 30) + -5 + 21.
2
(-3 + -3 - -26) + (0 - 2 - 0)
18
Calculate (-10 - 16 - -15) + 16.
5
What is (20 - 15 - 8) + (22 - -9)?
28
Evaluate -140 + 143 - (0 + 16).
-13
Evaluate -1 + 6 - (81 + -79).
3
What is the value of 4 - (0 - 14 - (-9 + 9 - 7))?
11
What is the value of -2 + -4 - (-15 - (0 - 5))?
4
What is 8 - (7 + -7 + 4) - (11 + -2)?
-5
What is -21 + 24 - (-24 - (4 - 5) - 0)?
26
What is (-4 - (24 + -68)) + -45?
-5
-4 + -2 + -2 + 224 + -223
-7
Calculate 3 + -8 + 32 - (116 + -109).
20
18 + 10 - (21 + 10)
-3
Evaluate -2 + 1 - ((-30 - (1 - 16)) + 13).
1
Calculate (2 - -10) + -1 - (10 - (-3 - -8)).
6
Calculate 16 + (-9 - 1) + 4.
10
Calculate -24 + 27 + -21 - -25.
7
Evaluate -8 - 0 - (17 - (-9 - -19)).
-15
Calculate 2 - (1 + (15 - 1)).
-13
Evaluate 11 + -14 + (20 - 21).
-4
Calculate (-4 - 1) + -20 - -14 - -8.
-3
13 - -1 - (-246 + 254)
6
4 - (-3 + -6 + 1 + (0 - 1))
13
What is -6 + 6 + (-3 - -8) - (-20 + 34)?
-9
What is the value of 6 - (35 + -9 + -10)?
-10
What is -11 + 0 + 4 + (0 - -4) + 3?
0
Evaluate 1 - (5 + -9 - 0) - (-3 + -2).
10
Evaluate (-4 - (11 - 3 - 9)) + -2 + 4.
-1
What is the value of (-1 - -2) + (-60 - -62)?
3
What is 33 + 5 + -1 + -23?
14
What is (-6 + 2 + 0 - -1) + 15?
12
-2 + (1 - (-1 + 6 - (13 + -15)))
-8
What is the value of -6 - (0 + -4 + (-6 - -10) - 7)?
1
2 - -2 - (18 + -14 + 10 + -22)
12
Evaluate (12 - 25) + (-3 - 0) + (-92 - -98).
-10
What is the value of (262 - 279) + (5 - -1)?
-11
What is the value of (1 - (-2 - 1)) + -34 + 14?
-16
7 - (3 - -4 - 13)
13
What is the value of 42 + 28 + -25 + -23?
22
What is the value of 873 - 871 - (12 - 0 - 1)?
-9
Evaluate (34 - (15 - 9)) + -7.
21
Evaluate 36 - (69 + -32) - (-21 - (-1 + 2)).
21
Calculate -21 - -4 - (-2 + 8 - 11) - -6.
-6
Calculate (24 - 19 - 17) + 1.
-11
-13 + 3 + (-17 - 4) + 14
-17
What is 8 - (9 - 2) - (-5 - -10 - 3)?
-1
Evaluate -9 + 0 + (-7 + 3 - -3) + 10.
0
What is the value of 2 - -5 - (15 + -7 + 9 + 5)?
-15
7 - -1 - -4 - (2 - (-6 + 5))
9
What is the value of -1 - -17 - (5 - (2 - 1) - 6)?
18
2 - 25 - (-35 - (-41 - -23))
-6
Calculate -15 + 13 - 47 - -32.
-17
Evaluate 0 + 4 + 3 + 2 + -19.
-10
Evaluate 0 - 34 - (80 + -91).
-23
Evaluate (10 - (5 - -5)) + 1.
1
Evaluate -8 + (-11 + 5 - -4) + (-6 - -1).
-15
Calculate -78 - (-56 + -38) - (-1 - -15).
2
Evaluate -6 + (-12 + -2 - -5) + (-1 - -7).
-9
What is the value of (-20 - -2) + (-11 + 28 - 12)?
-13
Evaluate -20 + -13 + 26 - -27.
20
Calculate (-3 - 1) + (66 - 49) + -21.
-8
What is the value of -26 + 14 + (5 - -11)?
4
Calculate (9 - (1 + 17 + -16)) + (-23 - -1).
-15
Calculate 0 + -3 - (-9 - (-4 + 1 + -6)).
-3
Calculate (-13 + 12 - 2) + 7 - 3.
1
9 + -35 + (15 - -5) + -11
-17
What is the value of 7 - 44 - 8 - (52 - 65)?
-32
Evaluate -28 + 8 + 62 + -21.
21
Calculate 15 + (-18 - (-8 + -1)) + 2 + -16.
-8
Evaluate -2 + -3 + (1 - (17 - 1)) + 9.
-11
-2660 + 2640 - (-3 + (0 - -1))
-18
What is the value of -7 - -1 - (-6 + -6 + 4 + -4)?
6
(-2 - (1 + -2)) + 9 + -14 + 5
-1
Calculate -2 + 43 - (102 + -96).
35
What is (8 - 0) + -144 + 142?
6
(10 - (7 - -6)) + 5 + -1 + 7
8
-38 + 34 + 28 + -54
-30
(7 + -9 - -7) + (-22 - -4 - -3)
-10
What is (4 + (1 - -6) + -5 - -4) + -4?
6
What is the value of (1 - -5) + (0 - 6 - (119 + -130))?
11
What is 4 + -3 - 12 - (-2 + -16)?
7
What is -63 - -59 - (-2 + (12 - -4))?
-18
-3 + (7 - 19) - -9 - (1 + 1)
-8
What is 12 + (1 - 3) + -3 - (18 - 30)?
19
What is the value of -62 - -47 - (-1 + -15)?
1
Calculate 10 + (0 - -18 - 12) - 1.
15
What is -9 + 11 + -15 + 10 + (1 - 7)?
-9
2 + -6 + 7 + (-22 - -22)
3
What is 7 + -7 + 21 + -8?
13
What is -29 - -39 - 58 - -24?
-24
Evaluate (0 - 4) + (40 - 32) - (0 + -11).
15
What is 8 + -2 - (-96 + 104)?
-2
What is the value of 21 - (25 - -9 - 25)?
12
What is 3 + (-9 - (-4 - 1)) - (3 + -7)?
3
Calculate -13 + 3 + 21 - 8.
3
Evaluate 4 + -3 - -14 - (167 - 155).
3
Calculate 12 + -17 + 3 - -2 - 0.
0
1 - (7 + 1) - (30 - 31)
-6
What is (109 - 96) + -1 + -3 + (-1 - 11)?
-3
Evaluate 4 + (-1 - -2) - (47 + -48) - 7.
-1
What is (-4 - (15 + 1)) + -18 + -1 + 26?
-13
Calculate 0 + 24 + 1 - (33 + -42 + 17).
17
Evaluate (3 - 1) + -6 + 15 + (-20 - -4).
-5
Evaluate -3 + -4 + 14 - -2.
9
8 - (-15 + 20 + 0)
3
Evaluate (2 + -6 + 3 - (-1 - -1)) + -2.
-3
What is the value of (34 - (19 + 11)) + -14 + 1?
-9
(-7 - -4) + 13 + -6 + (5 - 2)
7
What is 1 - -1 - ((1 - 64) + 41)?
24
Calculate (-85 - -88) + (-2 - 2).
-1
(3 - (-24 - (2 + -1))) + 109 + -112
25
-29 + 23 + -13 + 8
-11
What is the value of -6 - -2 - (7 + -3 + -6 + 3)?
-5
-10 + 4 - ((-3 - -11) + -3)
-11
(-4 - (3 + 3)) + -48 + 49
-9
What is the value of 2 + 0 + -3 + 9 - (-328 + 338)?
-2
What is the value of -5 - (0 + 1 + (-25 + 27 - -5))?
-13
What is the value of (-5 - -6) + (-2 - (-2 - -5)) + 4?
0
What is 19 + (24 - 19) - 20?
4
Calculate -10 + 13 + (7 + -12 - -20).
18
Calculate 1 - 30 - (-1138 - -1128).
-19
What is the value of -393 + 397 + -18 + 2 + -1?
-13
What is the value of 10 + -10 - -3 - 9?
-6
What is 22 - (54 + -38 + 12)?
-6
Calculate 13 + (6 - (-1 + 15)) + (0 - 0).
5
What is the value of (5 - 21) + (-82 - -97)?
-1
Evaluate (-4 - -3 - -6 - 5) + (10 - 5).
5
What is the value of -12 + (-4 - ((-5 - -1 - -4) + -5))?
-11
(1 - 24) + -3 + (35 - 17)
-8
Evaluate -9 + (-6 - 2) + 14 + (4 - -2).
3
Calculate 3 + 0 - (-70 - -71) - (21 - 2).
-17
Calculate (-3 - (5 + (-9 - -4))) + 2.
-1
What is the value of -15 - (7 - (7 - -2))?
-13
-20 - (10 - -2) - -12
-20
Calculate (-18 - (-13 + 4)) + -11 + -6.
-26
What is 25 + -1 + (-25 - (-3 - 14))?
16
What is 8 + 13 + -9 + -3 + 0?
9
-1 - 0 - (-3 + (16 - 10))
-4
What is -10 + -7 + 11 + 9 - 7?
-4
What is the value of -19 + (-20 - -3) + 30?
-6
Calculate 1 - (-3 - 9) - 8.
5
What is the value of -5 + (-2 + 5 - 2 - (5 - 12))?
3
Calculate 7 - ((13 - 23 - 5) + 5).
17
What is 34 + -33 - (-4 + 14 + -4 + 0)?
-5
What is the value of (-2 - -2 - 33) + 4 - (199 - 199)?
-29
Calculate 17 + (3 - 9 - 9).
2
Evaluate (-3 - -4 - -12) + -3 + (0 - 3).
7
What is the value of (1 - 0 - -7) + (-128 - -13 - -91)?
-16
What is the value of 29 + 3 + (-9 + 4 - (-14 - -14))?
27
Evaluate (5 - -2) + (-11 - (1 - 7 - -5)).
-3
3 - (2 + 9 + -21 - 0)
13
(12 - 9) + -5 - -5 - 3
0
What is the value of 4 - (18 - -3 - 28)?
11
(0 - (1 + 1)) + (-29 - (-10 + -17))
-4
What is the value of 7 - (6 - (7 + -10))?
-2
Evaluate (-1 - (-7 + (-1 - -2))) + (7 - 2).
10
What is -10 + (0 - -4) + 21 + -10 + 5?
10
-2 + (9 - 14) + 3 - (-12 + 2)
6
Evaluate -2 - -4 - -7 - (2 + 13 + -2).
-4
-2 - (6 - (-10 - -17) - 2) - 6
-5
Evaluate (-2 - (-4 + (7 - 2))) + -1 + 2.
-2
Calculate -6 - -36 - (24 - 0).
6
Evaluate 9 - (-34 - -39 - (-15 - 0)).
-11
Calculate -3 + -6 + 7 + 1 + 2 + -4.
-3
What is the value of -6 + (-1 - -10) + (11 - 2) + 13?
25
Calculate -201 + 203 + 1 + (11 - 2).
12
Evaluate (13 - 7) + 1 + 6 - 6.
7
What is (-163 - -139) + (-2 - -24)?
-2
-23 - (-47 + 27) - (-12 - (4 - 1))
12
Calculate 2 + (-14 - -2) + 0.
-10
What is the value of -16 + 1 - (-182 + 166)?
1
What is (3 - 8 - -4) + -3 - -12?
8
What is -5 + 10 + -2 - (-38 - -45)?
-4
-2 - 14 - (-4 + (0 - -10) - -3)
-25
What is the value of 1 -